{"id":9,"date":"2020-07-24T16:24:59","date_gmt":"2020-07-24T14:24:59","guid":{"rendered":"http:\/\/gcj-asso.fr\/?page_id=9"},"modified":"2026-04-10T10:50:47","modified_gmt":"2026-04-10T08:50:47","slug":"a-propos-de","status":"publish","type":"page","link":"https:\/\/gcj-asso.fr\/?page_id=9","title":{"rendered":"L&rsquo;Histoire du GCJ"},"content":{"rendered":"\n<ul>\n<li>1947 : Mrs DELHOMMAIS et DECIRON cr\u00e9ent une section gymnastique \u00e0 l\u2019USJ<\/li>\n\n\n\n<li>1980 : Cr\u00e9ation de l\u2019Ecole de GAF<\/li>\n\n\n\n<li>1982 : L\u2019USJ Gymnastique s\u2019installe au gymnase de la Vall\u00e9e Violette<\/li>\n\n\n\n<li>1984 : Cr\u00e9ation de la section Baby gym<\/li>\n\n\n\n<li>1986 : L\u2019USJ Gymnastique devient le Gymnastique Club Jocondien<\/li>\n\n\n\n<li>1986 : Cr\u00e9ation de la section GR<\/li>\n\n\n\n<li>1988 : Cr\u00e9ation de la section Gym Adultes<\/li>\n\n\n\n<li><strong>2001 : Lucie Reviron championne de France individuelle junior GR<\/strong><\/li>\n\n\n\n<li>2001 : Lucie Reviron et Caroline Decouard championnes de France duo GR<\/li>\n\n\n\n<li>2001 : Anne-Claire Kerne\u00efs championne de France cadette GR<\/li>\n\n\n\n<li><strong>2008 : Margot Moulis championne de France junior GAF<\/strong> &amp; 1\u00e8re participation \u00e0 l&rsquo;Eurogym \u00e0 Albi FRANCE (\u00e9change europ\u00e9en autour de la Gymnastique)<\/li>\n\n\n\n<li>2009 : Le gymnase de la Vall\u00e9e Violette devient une salle exclusivement d\u00e9di\u00e9e \u00e0 la gymnastique avec \u00e9quipement complet GAF et GR<\/li>\n\n\n\n<li>2010 : 2\u00e8me participation \u00e0 l&rsquo;Eurogym \u00e0 Odense DANEMARK avec un groupe GAF et GR<\/li>\n\n\n\n<li>2012 : 3\u00e8me participation \u00e0 l&rsquo;Eurogym \u00e0 Coimbra PORTUGAL avec un groupe GAF et GR<\/li>\n\n\n\n<li>2014 : 4\u00e8me participation \u00e0 l&rsquo;Eurogym \u00e0 Helsingborg SUEDE avec un groupe GAF et GR<\/li>\n\n\n\n<li>2016 : Organisation du championnat r\u00e9gional \u00e9quipes GAF \u00e0 Marcel Cerdan<\/li>\n\n\n\n<li>2020 : Organisation du championnat r\u00e9gional individuel GAF aux Gymnases HENNOT et BUISSOUX<\/li>\n\n\n\n<li><strong><a href=\"https:\/\/www.instagram.com\/gymclubjocondien\/\">2022\/23 : 6 participations aux Championnats de France GR &amp; GAF confondus<\/a><\/strong> dont <strong>3 Titres<\/strong><\/li>\n\n\n\n<li>2025 : Maena MILLON (ancienne gymnaste du club, membre de l&rsquo;\u00e9quipe de France) participe \u00e0 la Coupe du Monde \u00e0 Rio BRESIL<\/li>\n\n\n\n<li>2026 : 4\u00e8me participation \u00e0 l&rsquo;Eurogym \u00e0 Pistoia ITALIE avec un groupe GAF &amp; GR <\/li>\n<\/ul>\n\n\n\n<div style=\"height:49px\" aria-hidden=\"true\" class=\"wp-block-spacer\"><\/div>\n","protected":false},"excerpt":{"rendered":"","protected":false},"author":1,"featured_media":0,"parent":0,"menu_order":0,"comment_status":"closed","ping_status":"closed","template":"","meta":{"footnotes":""},"_links":{"self":[{"href":"https:\/\/gcj-asso.fr\/index.php?rest_route=\/wp\/v2\/pages\/9"}],"collection":[{"href":"https:\/\/gcj-asso.fr\/index.php?rest_route=\/wp\/v2\/pages"}],"about":[{"href":"https:\/\/gcj-asso.fr\/index.php?rest_route=\/wp\/v2\/types\/page"}],"author":[{"embeddable":true,"href":"https:\/\/gcj-asso.fr\/index.php?rest_route=\/wp\/v2\/users\/1"}],"replies":[{"embeddable":true,"href":"https:\/\/gcj-asso.fr\/index.php?rest_route=%2Fwp%2Fv2%2Fcomments&post=9"}],"version-history":[{"count":10,"href":"https:\/\/gcj-asso.fr\/index.php?rest_route=\/wp\/v2\/pages\/9\/revisions"}],"predecessor-version":[{"id":8576,"href":"https:\/\/gcj-asso.fr\/index.php?rest_route=\/wp\/v2\/pages\/9\/revisions\/8576"}],"wp:attachment":[{"href":"https:\/\/gcj-asso.fr\/index.php?rest_route=%2Fwp%2Fv2%2Fmedia&parent=9"}],"curies":[{"name":"wp","href":"https:\/\/api.w.org\/{rel}","templated":true}]}}