{"id":7818,"date":"2023-12-12T15:11:34","date_gmt":"2023-12-12T14:11:34","guid":{"rendered":"https:\/\/gcj-asso.fr\/?page_id=7818"},"modified":"2024-08-21T09:38:35","modified_gmt":"2024-08-21T07:38:35","slug":"organigramme-benevoles","status":"publish","type":"page","link":"https:\/\/gcj-asso.fr\/?page_id=7818","title":{"rendered":"Organigramme b\u00e9n\u00e9voles"},"content":{"rendered":"\n<h2 class=\"wp-block-heading has-text-align-center\"><strong>Val\u00e9rie BOURGUEIL<\/strong><\/h2>\n\n\n\n<p class=\"has-text-align-center\">Pr\u00e9sidente<\/p>\n\n\n\n<hr class=\"wp-block-separator aligncenter has-alpha-channel-opacity is-style-wide\"\/>\n\n\n\n<div class=\"wp-block-columns is-layout-flex wp-container-3 wp-block-columns-is-layout-flex\">\n<div class=\"wp-block-column is-layout-flow wp-block-column-is-layout-flow\">\n<h2 class=\"wp-block-heading has-text-align-center\">Caroline LATOUR<\/h2>\n\n\n\n<p class=\"has-text-align-center\"><em>Secr\u00e9taire<\/em><\/p>\n<\/div>\n\n\n\n<div class=\"wp-block-column is-layout-flow wp-block-column-is-layout-flow\">\n<h2 class=\"wp-block-heading has-text-align-center\">Pascal BECHON<\/h2>\n\n\n\n<p class=\"has-text-align-center\"><em>Tr\u00e9sorier<\/em><\/p>\n<\/div>\n<\/div>\n\n\n\n<hr class=\"wp-block-separator aligncenter has-alpha-channel-opacity is-style-default\"\/>\n\n\n\n<div class=\"wp-block-columns is-layout-flex wp-container-7 wp-block-columns-is-layout-flex\">\n<div class=\"wp-block-column is-layout-flow wp-block-column-is-layout-flow\">\n<p>Cristina SCOTTA<\/p>\n\n\n\n<p>D\u00e9borah BRUNEAU<\/p>\n\n\n\n<p>Nadja QUENTIN<\/p>\n\n\n\n<p>M. RAKOTSSON<\/p>\n<\/div>\n\n\n\n<div class=\"wp-block-column is-layout-flow wp-block-column-is-layout-flow\">\n<p>V\u00e9ronique LERAY<\/p>\n\n\n\n<p>Estelle LOZAY<\/p>\n\n\n\n<p>Annabelle JAURES<\/p>\n\n\n\n<p>Cl\u00e9mence OUEDRAOGO<\/p>\n<\/div>\n\n\n\n<div class=\"wp-block-column is-layout-flow wp-block-column-is-layout-flow\">\n<p>Sabrina DOS SANTOS<\/p>\n\n\n\n<p>Julia JAHAN<\/p>\n\n\n\n<p>Hugues LATOUR<\/p>\n<\/div>\n<\/div>\n\n\n\n<h2 class=\"wp-block-heading has-text-align-center\"><mark style=\"background-color:rgba(0, 0, 0, 0)\" class=\"has-inline-color has-luminous-vivid-amber-color\"><strong>Vous aussi devenez membre du bureau : Rejoignez notre \u00e9quipe de b\u00e9n\u00e9voles ! On a besoin de vous<\/strong><\/mark><\/h2>\n\n\n\n<hr class=\"wp-block-separator aligncenter has-alpha-channel-opacity is-style-wide\"\/>\n\n\n\n<h2 class=\"wp-block-heading has-text-align-center\"><strong><mark style=\"background-color:rgba(0, 0, 0, 0);color:#000bff\" class=\"has-inline-color\">Nos Juges<\/mark><\/strong><\/h2>\n\n\n\n<div class=\"wp-block-columns is-layout-flex wp-container-10 wp-block-columns-is-layout-flex\">\n<div class=\"wp-block-column is-layout-flow wp-block-column-is-layout-flow\">\n<h5 class=\"wp-block-heading has-text-align-center\">Nos Juges GAF<\/h5>\n\n\n\n<p class=\"has-text-align-center\">Fabienne MAGRI &#8211; Juge X <em> Responsable des juges GAF<\/em><\/p>\n\n\n\n<p class=\"has-text-align-left\"><\/p>\n\n\n\n<p><\/p>\n<\/div>\n\n\n\n<div class=\"wp-block-column is-layout-flow wp-block-column-is-layout-flow\">\n<h5 class=\"wp-block-heading has-text-align-center\">Nos Juges GR<\/h5>\n\n\n\n<p class=\"has-text-align-center\">Cl\u00e9mence OUEDRAOGO &#8211; Juge 3 <em>responsable des juges GR<\/em><\/p>\n\n\n\n<p>N\u00e9omi TAMILIO &#8211; Juge 1<\/p>\n\n\n\n<p>Margaux FAIVRE &#8211; Juge 1<\/p>\n\n\n\n<p>Elodie ROLLET &#8211; Juge 1<\/p>\n\n\n\n<p>Isabelle CHARLAIS &#8211; Juge 2<\/p>\n\n\n\n<p>Laurence DABOS &#8211; Juge 2<\/p>\n\n\n\n<p>Juliette DABOS &#8211; Juge 2<\/p>\n\n\n\n<p>Caroline VINCENT &#8211; Juge 2<\/p>\n\n\n\n<p>Val\u00e9rie BOURGUEIL &#8211; Juge 3<\/p>\n\n\n\n<p>Marie HUNOU &#8211; Juge 3<\/p>\n\n\n\n<p>Laura LAMOUREUX &#8211; Juge 3<\/p>\n<\/div>\n<\/div>\n","protected":false},"excerpt":{"rendered":"<p>Val\u00e9rie BOURGUEIL Pr\u00e9sidente Caroline LATOUR Secr\u00e9taire Pascal BECHON Tr\u00e9sorier Cristina SCOTTA D\u00e9borah BRUNEAU Nadja QUENTIN M. RAKOTSSON V\u00e9ronique LERAY Estelle LOZAY Annabelle JAURES Cl\u00e9mence OUEDRAOGO Sabrina DOS SANTOS Julia JAHAN &hellip; <\/p>\n","protected":false},"author":1,"featured_media":0,"parent":0,"menu_order":0,"comment_status":"closed","ping_status":"closed","template":"","meta":{"footnotes":""},"_links":{"self":[{"href":"https:\/\/gcj-asso.fr\/index.php?rest_route=\/wp\/v2\/pages\/7818"}],"collection":[{"href":"https:\/\/gcj-asso.fr\/index.php?rest_route=\/wp\/v2\/pages"}],"about":[{"href":"https:\/\/gcj-asso.fr\/index.php?rest_route=\/wp\/v2\/types\/page"}],"author":[{"embeddable":true,"href":"https:\/\/gcj-asso.fr\/index.php?rest_route=\/wp\/v2\/users\/1"}],"replies":[{"embeddable":true,"href":"https:\/\/gcj-asso.fr\/index.php?rest_route=%2Fwp%2Fv2%2Fcomments&post=7818"}],"version-history":[{"count":3,"href":"https:\/\/gcj-asso.fr\/index.php?rest_route=\/wp\/v2\/pages\/7818\/revisions"}],"predecessor-version":[{"id":8183,"href":"https:\/\/gcj-asso.fr\/index.php?rest_route=\/wp\/v2\/pages\/7818\/revisions\/8183"}],"wp:attachment":[{"href":"https:\/\/gcj-asso.fr\/index.php?rest_route=%2Fwp%2Fv2%2Fmedia&parent=7818"}],"curies":[{"name":"wp","href":"https:\/\/api.w.org\/{rel}","templated":true}]}}