{"id":53,"date":"2020-07-26T14:04:54","date_gmt":"2020-07-26T12:04:54","guid":{"rendered":"http:\/\/gcj-asso.fr\/?page_id=53"},"modified":"2024-08-21T09:40:28","modified_gmt":"2024-08-21T07:40:28","slug":"palmares","status":"publish","type":"page","link":"https:\/\/gcj-asso.fr\/?page_id=53","title":{"rendered":"Palmar\u00e8s Nationaux"},"content":{"rendered":"\n<div style=\"height:31px\" aria-hidden=\"true\" class=\"wp-block-spacer\"><\/div>\n\n\n\n<p><strong>2012<\/strong>\u00a0: Equipe compos\u00e9e de : Audrey Lebon, Aur\u00e9lie Turot, Justine Braconnier, M\u00e9lanie Turot et Selma Cornillot-Cl\u00e9ment <strong>3\u00e8me au Championnat de France <\/strong>F\u00e9d\u00e9rale <strong>GAF<\/strong><\/p>\n\n\n\n<p><strong>2014 et 2015<\/strong>&nbsp;: Selma Cornillot-Cl\u00e9ment <strong>Vice championne<\/strong> de France <strong>GAF <\/strong>au sol<\/p>\n\n\n\n<p><strong>2016<\/strong>\u00a0: Cassandre Bailly <strong>Vice championne <\/strong>de France <strong>GAF <\/strong>Nationale B 16 ans et Laurine Pecqueur <strong>3\u00e8me au championnat de France<\/strong> GAF Nationale B 17 ans<\/p>\n\n\n\n<p><strong>2023 <\/strong>: Equipe F\u00e9d\u00e9rales -17ans : Elise Chaussepied, Eirynn Rollet, Matilde Rubatto, Shainna Reonigneaud <strong>Vice championnes <\/strong>de France<strong> GR<\/strong><\/p>\n\n\n\n<p><strong>2024 <\/strong>: Loeva TAMILIO VOLOVITCH <strong>Vice championne<\/strong> de France <strong>GR <\/strong>individuel Nationale B 14\/15 ans<\/p>\n","protected":false},"excerpt":{"rendered":"<p>2012\u00a0: Equipe compos\u00e9e de : Audrey Lebon, Aur\u00e9lie Turot, Justine Braconnier, M\u00e9lanie Turot et Selma Cornillot-Cl\u00e9ment 3\u00e8me au Championnat de France F\u00e9d\u00e9rale GAF 2014 et 2015&nbsp;: Selma Cornillot-Cl\u00e9ment Vice championne &hellip; <\/p>\n","protected":false},"author":1,"featured_media":0,"parent":0,"menu_order":0,"comment_status":"closed","ping_status":"closed","template":"","meta":{"footnotes":""},"_links":{"self":[{"href":"https:\/\/gcj-asso.fr\/index.php?rest_route=\/wp\/v2\/pages\/53"}],"collection":[{"href":"https:\/\/gcj-asso.fr\/index.php?rest_route=\/wp\/v2\/pages"}],"about":[{"href":"https:\/\/gcj-asso.fr\/index.php?rest_route=\/wp\/v2\/types\/page"}],"author":[{"embeddable":true,"href":"https:\/\/gcj-asso.fr\/index.php?rest_route=\/wp\/v2\/users\/1"}],"replies":[{"embeddable":true,"href":"https:\/\/gcj-asso.fr\/index.php?rest_route=%2Fwp%2Fv2%2Fcomments&post=53"}],"version-history":[{"count":4,"href":"https:\/\/gcj-asso.fr\/index.php?rest_route=\/wp\/v2\/pages\/53\/revisions"}],"predecessor-version":[{"id":8185,"href":"https:\/\/gcj-asso.fr\/index.php?rest_route=\/wp\/v2\/pages\/53\/revisions\/8185"}],"wp:attachment":[{"href":"https:\/\/gcj-asso.fr\/index.php?rest_route=%2Fwp%2Fv2%2Fmedia&parent=53"}],"curies":[{"name":"wp","href":"https:\/\/api.w.org\/{rel}","templated":true}]}}